58977?
9
What is the ten thousands digit of 413086?
1
What is the ten thousands digit of 506088?
0
What is the hundred thousands digit of 634894?
6
What is the hundreds digit of 838348?
3
What is the units digit of 486972?
2
What is the units digit of 1285483?
3
What is the thousands digit of 2492387?
2
What is the ten millions digit of 21091054?
2
What is the hundred thousands digit of 129180?
1
What is the ten thousands digit of 162877?
6
What is the ten thousands digit of 3351389?
5
What is the ten thousands digit of 1481728?
8
What is the units digit of 2544471?
1
What is the units digit of 516690?
0
What is the units digit of 208186?
6
What is the ten thousands digit of 2026302?
2
What is the hundreds digit of 4756207?
2
What is the hundred thousands digit of 535413?
5
What is the thousands digit of 29256?
9
What is the thousands digit of 22446328?
6
What is the tens digit of 287870?
7
What is the hundreds digit of 6630267?
2
What is the hundred thousands digit of 9952987?
9
What is the ten thousands digit of 282056?
8
What is the hundred thousands digit of 191956?
1
What is the hundreds digit of 5811351?
3
What is the hundreds digit of 5459419?
4
What is the ten thousands digit of 786493?
8
What is the tens digit of 12073152?
5
What is the hundreds digit of 382191?
1
What is the hundred thousands digit of 12700502?
7
What is the units digit of 393372?
2
What is the hundred thousands digit of 217686?
2
What is the tens digit of 1380101?
0
What is the hundred thousands digit of 3228750?
2
What is the hundreds digit of 295197?
1
What is the tens digit of 547801?
0
What is the units digit of 2784640?
0
What is the millions digit of 1487243?
1
What is the hundred thousands digit of 16389469?
3
What is the hundreds digit of 873116?
1
What is the hundreds digit of 278959?
9
What is the thousands digit of 790541?
0
What is the thousands digit of 1310181?
0
What is the hundred thousands digit of 2265266?
2
What is the tens digit of 419739?
3
What is the thousands digit of 155630?
5
What is the tens digit of 366549?
4
What is the tens digit of 1163327?
2
What is the hundreds digit of 25148471?
4
What is the ten thousands digit of 1389913?
8
What is the hundred thousands digit of 21596189?
5
What is the ten thousands digit of 35024450?
2
What is the ten thousands digit of 902747?
0
What is the units digit of 9530629?
9
What is the hundreds digit of 78243?
2
What is the hundreds digit of 772879?
8
What is the hundreds digit of 193140?
1
What is the thousands digit of 264430?
4
What is the tens digit of 2385378?
7
What is the tens digit of 1887302?
0
What is the ten thousands digit of 1093113?
9
What is the thousands digit of 2462429?
2
What is the millions digit of 1386432?
1
What is the hundred thousands digit of 666826?
6
What is the hundreds digit of 735859?
8
What is the millions digit of 17200834?
7
What is the units digit of 54894?
4
What is the thousands digit of 3838157?
8
What is the tens digit of 273328?
2
What is the thousands digit of 16264516?
4
What is the thousands digit of 9375002?
5
What is the ten thousands digit of 2806628?
0
What is the hundred thousands digit of 7742076?
7
What is the ten thousands digit of 276151?
7
What is the tens digit of 16805916?
1
What is the tens digit of 227508?
0
What is the ten thousands digit of 4170664?
7
What is the hundred thousands digit of 20018229?
0
What is the ten thousands digit of 1001532?
0
What is the tens digit of 46254?
5
What is the hundreds digit of 363308?
3
What is the thousands digit of 97512?
7
What is the hundreds digit of 754788?
7
What is the hundred thousands digit of 1313624?
3
What is the tens digit of 187536?
3
What is the millions digit of 3460146?
3
What is the millions digit of 3259975?
3
What is the hundred thousands digit of 106098?
1
What is the tens digit of 76791?
9
What is the ten thousands digit of 8471568?
7
What is the thousands digit of 512782?
2
What is the ten millions digit of 13538148?
1
What is the units digit of 446794?
4
What is the thousands digit of 13286778?
6
What is the ten thousands digit of 187489?
8
What is the millions digit of 4970245?
4
What is the ten thousands digit of 2069982?
6
What is the thousands digit of 92128?
2
What is the units digit of 293096?
6
What is the units digit of 18919667?
7
What is the units digit of 229869?
9
What is the hundred thousands digit of 103850?
1
What is the units digit of 11065897?
7
What is the millions digit of 20374283?
0
What is the tens digit of 220440?
4
What is the hundreds digit of 3287619?
6
What is the tens digit of 23863?
6
What is the millions digit of 9525792?
9
What is the tens digit of 200279?
7
What is the ten thousands digit of 3081405?
8
What is the units digit of 328861?
1
What is the tens digit of 646979?
7
What is the units digit of 712077?
7
What is the tens digit of 809953?
5
What is the units digit of 207680?
0
What is the ten thousands digit of 578730?
7
What is the hundreds digit of 353012?
0
What is the thousands digit of 4679788?
9
What is the tens digit of 201379?
7
What is the tens digit of 904992?
9
What is the thousands digit of 30353513?
3
What is the hundred thousands digit of 1897823?
8
What is the units digit of 10140649?
9
What is the tens digit of 16797480?
8
What is the hundred thousands digit of 1819226?
8
What is the hundreds digit of 3423297?
2
What is the thousands digit of 1654189?
4
What is the thousands digit of 166404?
6
What is the units digit of 391357?
7
What is the hundreds digit of 1348453?
4
What is the units digit of 3812532?
2
What is the units digit of 2678172?
2
What is the hundreds digit of 4740214?
2
What is the ten thousands digit of 27602010?
0
What is the thousands digit of 469778?
9
What is the hundreds digit of 171045?
0
What is the millions digit of 12832978?
2
What is the thousands digit of 3945481?
5
What is the tens digit of 491511?
1
What is the hundred thousands digit of 1598525?
5
What is the hundreds digit of 255999?
9
What is the hundred thousands digit of 111759?
1
What is the hundreds digit of 1805886?
8
What is the thousands digit of 443113?
3
What is the hundred thousands digit of 1917399?
9
What is the tens digit of 322849?
4
What is the hundred thousands digit of 5603306?
6
What is the tens digit of 220572?
7
What is the thousands digit of 40986?
0
What is the tens digit of 31977100?
0
What is the tens digit of 1367831?
3
What is the tens digit of 2337682?
8
What is the hundred thousands digit of 371896?
3
What is the hundred thousands digit of 4780004?
7
What is the ten thousands digit of 1648284?
4
What is the units digit of 3566845?
5
What is the units digit of 353269?
9
What is the thousands digit of 1401643?
1
What is the units digit of 233486?
6
What is the thousands digit of 1960863?
0
What is the units digit of 848819?
9
What is the tens digit of 3739754?
5
What is the hundred thousands digit of 3017218?
0
What is the hundreds digit of 2479883?
8
What is the thousands digit of 434765?
4
What is the ten thousands digit of 702905?
0
What is the ten millions digit of 22778769?
2
What is the tens digit of 35930?
3
What is the hundreds digit of 568107?
1
What is the tens digit of 182424?
2
What is the hundreds digit of 104760?
7
What is the tens digit of 627514?
1
What is the hundred thousands digit of 5316656?
3
What is the millions digit of 10263422?
0
What is the hundred thousands digit of 676545?
6
What is the thousands digit of 841197?
1
What is the ten thousands digit of 5705337?
0
What is the hundred thousands digit of 182245?
1
What is the tens digit of 791264?
6
What is the tens digit of 294694?
9
What is the thousands digit of 157266?
7
What is the tens digit of 37496692?
9
What is the units digit of 154337?
7
What is the tens digit of 8251335?
3
What is the ten thousands digit of 1419937?
1
What is the ten thousands digit of 318782?
1
What is the ten thousands digit of 711465?
1
What is the hundreds digit of 8062107?
1
What is the millions digit of 2536241?
2
What is the ten thousands digit of 178486?
7
What is the hundreds digit of 854879?
8
What is the thousands digit of 2622772?
2
What is the ten thousands digit of 2949419?
4
What is the hundreds digit of 2492063?
0
What is the units digit of 3222306?
6
What i